{"id":47137,"date":"2024-03-04T15:18:08","date_gmt":"2024-03-04T15:18:08","guid":{"rendered":"https:\/\/sks.surf\/sklep\/?post_type=product&#038;p=47137"},"modified":"2024-10-04T10:48:34","modified_gmt":"2024-10-04T10:48:34","slug":"kamizelka-prolimit-impact-kite-hp-fz-stretch-mercury","status":"publish","type":"product","link":"https:\/\/sks.surf\/sklep\/produkt\/kamizelka-prolimit-impact-kite-hp-fz-stretch-mercury\/","title":{"rendered":"Kamizelka Prolimit impact kite HP FZ Stretch Mercury"},"content":{"rendered":"<h3>Elastyczna kamizelka typu impact-kite \u2013 z piank\u0105 ochronn\u0105 wszyt\u0105 \u201epowy\u017cej trapezu\u201d \u2013 Prolimit Stretch Vest Mercury \u2013 z zamkiem z przodu<\/h3>\n<ul>\n<li>Kite Vest \u2013 half padded \u2013 cz\u0119\u015b\u0107 pod trapezem bez pianki<\/li>\n<li>Stretch Vest \u2013 wysoka elastyczno\u015b\u0107<\/li>\n<li>FZ \u2013 Front Zip \u2013 zamek z przodu<\/li>\n<li>Grip Area \u2013 cz\u0119\u015b\u0107 kamizelki pokryta antypo\u015blizgowym wzorem \u2013 ogranicza przesuwanie si\u0119 trapezu po kamizelce<\/li>\n<li>Memory Foam<\/li>\n<\/ul>\n","protected":false},"excerpt":{"rendered":"<p>Elastyczna kamizelka typu impact-kite \u2013 z piank\u0105 ochronn\u0105 wszyt\u0105 \u201epowy\u017cej trapezu\u201d \u2013 Prolimit Stretch Vest Mercury \u2013 z zamkiem z przodu Kite Vest \u2013 half padded \u2013 cz\u0119\u015b\u0107 pod trapezem bez pianki Stretch Vest \u2013 wysoka elastyczno\u015b\u0107 FZ \u2013 Front Zip \u2013 zamek z przodu Grip Area \u2013 cz\u0119\u015b\u0107 kamizelki pokryta antypo\u015blizgowym wzorem \u2013 ogranicza [&hellip;]<\/p>\n","protected":false},"featured_media":47138,"template":"","meta":[],"product_cat":[239,364],"product_tag":[405,402,408],"yoast_head":"<!-- This site is optimized with the Yoast SEO Premium plugin v22.3 (Yoast SEO v22.6) - https:\/\/yoast.com\/wordpress\/plugins\/seo\/ -->\n<title>Kamizelka Prolimit impact kite HP FZ Stretch Mercury<\/title>\n<meta name=\"description\" content=\"Sklep Online KITE \u2022 WIND \u2022 SURF - dysponujemy szerokim wyborem asortymentu do Kitesurfingu, Windsurfingu i Surfing. Sprawd\u017a r\u00f3wnie\u017c nasze akcesoria. %\" \/>\n<meta name=\"robots\" content=\"index, follow, max-snippet:-1, max-image-preview:large, max-video-preview:-1\" \/>\n<link rel=\"canonical\" href=\"https:\/\/sks.surf\/sklep\/produkt\/kamizelka-prolimit-impact-kite-hp-fz-stretch-mercury\/\" \/>\n<meta property=\"og:locale\" content=\"pl_PL\" \/>\n<meta property=\"og:type\" content=\"article\" \/>\n<meta property=\"og:title\" content=\"Kamizelka Prolimit impact kite HP FZ Stretch Mercury\" \/>\n<meta property=\"og:description\" content=\"Sklep Online KITE \u2022 WIND \u2022 SURF - dysponujemy szerokim wyborem asortymentu do Kitesurfingu, Windsurfingu i Surfing. Sprawd\u017a r\u00f3wnie\u017c nasze akcesoria.\" \/>\n<meta property=\"og:url\" content=\"https:\/\/sks.surf\/sklep\/produkt\/kamizelka-prolimit-impact-kite-hp-fz-stretch-mercury\/\" \/>\n<meta property=\"og:site_name\" content=\"SKS\" \/>\n<meta property=\"article:publisher\" content=\"https:\/\/www.facebook.com\/SurfingowyKlubSportowy\" \/>\n<meta property=\"article:modified_time\" content=\"2024-10-04T10:48:34+00:00\" \/>\n<meta property=\"og:image\" content=\"https:\/\/sks.surf\/sklep\/wp-content\/uploads\/2024\/03\/vest-media-5.png\" \/>\n\t<meta property=\"og:image:width\" content=\"1453\" \/>\n\t<meta property=\"og:image:height\" content=\"1453\" \/>\n\t<meta property=\"og:image:type\" content=\"image\/png\" \/>\n<meta name=\"twitter:card\" content=\"summary_large_image\" \/>\n<script type=\"application\/ld+json\" class=\"yoast-schema-graph\">{\"@context\":\"https:\/\/schema.org\",\"@graph\":[{\"@type\":\"WebPage\",\"@id\":\"https:\/\/sks.surf\/sklep\/produkt\/kamizelka-prolimit-impact-kite-hp-fz-stretch-mercury\/\",\"url\":\"https:\/\/sks.surf\/sklep\/produkt\/kamizelka-prolimit-impact-kite-hp-fz-stretch-mercury\/\",\"name\":\"Kamizelka Prolimit impact kite HP FZ Stretch Mercury\",\"isPartOf\":{\"@id\":\"https:\/\/sks.surf\/sklep\/#website\"},\"primaryImageOfPage\":{\"@id\":\"https:\/\/sks.surf\/sklep\/produkt\/kamizelka-prolimit-impact-kite-hp-fz-stretch-mercury\/#primaryimage\"},\"image\":{\"@id\":\"https:\/\/sks.surf\/sklep\/produkt\/kamizelka-prolimit-impact-kite-hp-fz-stretch-mercury\/#primaryimage\"},\"thumbnailUrl\":\"https:\/\/sks.surf\/sklep\/wp-content\/uploads\/2024\/03\/vest-media-5.png\",\"datePublished\":\"2024-03-04T15:18:08+00:00\",\"dateModified\":\"2024-10-04T10:48:34+00:00\",\"description\":\"Sklep Online KITE \u2022 WIND \u2022 SURF - dysponujemy szerokim wyborem asortymentu do Kitesurfingu, Windsurfingu i Surfing. Sprawd\u017a r\u00f3wnie\u017c nasze akcesoria. %\",\"breadcrumb\":{\"@id\":\"https:\/\/sks.surf\/sklep\/produkt\/kamizelka-prolimit-impact-kite-hp-fz-stretch-mercury\/#breadcrumb\"},\"inLanguage\":\"pl-PL\",\"potentialAction\":[{\"@type\":\"ReadAction\",\"target\":[\"https:\/\/sks.surf\/sklep\/produkt\/kamizelka-prolimit-impact-kite-hp-fz-stretch-mercury\/\"]}]},{\"@type\":\"ImageObject\",\"inLanguage\":\"pl-PL\",\"@id\":\"https:\/\/sks.surf\/sklep\/produkt\/kamizelka-prolimit-impact-kite-hp-fz-stretch-mercury\/#primaryimage\",\"url\":\"https:\/\/sks.surf\/sklep\/wp-content\/uploads\/2024\/03\/vest-media-5.png\",\"contentUrl\":\"https:\/\/sks.surf\/sklep\/wp-content\/uploads\/2024\/03\/vest-media-5.png\",\"width\":1453,\"height\":1453},{\"@type\":\"BreadcrumbList\",\"@id\":\"https:\/\/sks.surf\/sklep\/produkt\/kamizelka-prolimit-impact-kite-hp-fz-stretch-mercury\/#breadcrumb\",\"itemListElement\":[{\"@type\":\"ListItem\",\"position\":1,\"name\":\"Strona g\u0142\u00f3wna\",\"item\":\"https:\/\/sks.surf\/sklep\/\"},{\"@type\":\"ListItem\",\"position\":2,\"name\":\"Shop\",\"item\":\"https:\/\/sks.surf\/sklep\/?page_id=44154\"},{\"@type\":\"ListItem\",\"position\":3,\"name\":\"Kamizelka Prolimit impact kite HP FZ Stretch Mercury\"}]},{\"@type\":\"WebSite\",\"@id\":\"https:\/\/sks.surf\/sklep\/#website\",\"url\":\"https:\/\/sks.surf\/sklep\/\",\"name\":\"SKS\",\"description\":\"Sklep Online\",\"publisher\":{\"@id\":\"https:\/\/sks.surf\/sklep\/#organization\"},\"potentialAction\":[{\"@type\":\"SearchAction\",\"target\":{\"@type\":\"EntryPoint\",\"urlTemplate\":\"https:\/\/sks.surf\/sklep\/?s={search_term_string}\"},\"query-input\":\"required name=search_term_string\"}],\"inLanguage\":\"pl-PL\"},{\"@type\":\"Organization\",\"@id\":\"https:\/\/sks.surf\/sklep\/#organization\",\"name\":\"SKS\",\"alternateName\":\"SKS - Sklep Online\",\"url\":\"https:\/\/sks.surf\/sklep\/\",\"logo\":{\"@type\":\"ImageObject\",\"inLanguage\":\"pl-PL\",\"@id\":\"https:\/\/sks.surf\/sklep\/#\/schema\/logo\/image\/\",\"url\":\"https:\/\/sks.surf\/sklep\/wp-content\/uploads\/2024\/04\/logo-sks-kwadrat.jpeg\",\"contentUrl\":\"https:\/\/sks.surf\/sklep\/wp-content\/uploads\/2024\/04\/logo-sks-kwadrat.jpeg\",\"width\":2000,\"height\":2000,\"caption\":\"SKS\"},\"image\":{\"@id\":\"https:\/\/sks.surf\/sklep\/#\/schema\/logo\/image\/\"},\"sameAs\":[\"https:\/\/www.facebook.com\/SurfingowyKlubSportowy\"]}]}<\/script>\n<!-- \/ Yoast SEO Premium plugin. -->","yoast_head_json":{"title":"Kamizelka Prolimit impact kite HP FZ Stretch Mercury","description":"Sklep Online KITE \u2022 WIND \u2022 SURF - dysponujemy szerokim wyborem asortymentu do Kitesurfingu, Windsurfingu i Surfing. Sprawd\u017a r\u00f3wnie\u017c nasze akcesoria. %","robots":{"index":"index","follow":"follow","max-snippet":"max-snippet:-1","max-image-preview":"max-image-preview:large","max-video-preview":"max-video-preview:-1"},"canonical":"https:\/\/sks.surf\/sklep\/produkt\/kamizelka-prolimit-impact-kite-hp-fz-stretch-mercury\/","og_locale":"pl_PL","og_type":"article","og_title":"Kamizelka Prolimit impact kite HP FZ Stretch Mercury","og_description":"Sklep Online KITE \u2022 WIND \u2022 SURF - dysponujemy szerokim wyborem asortymentu do Kitesurfingu, Windsurfingu i Surfing. Sprawd\u017a r\u00f3wnie\u017c nasze akcesoria.","og_url":"https:\/\/sks.surf\/sklep\/produkt\/kamizelka-prolimit-impact-kite-hp-fz-stretch-mercury\/","og_site_name":"SKS","article_publisher":"https:\/\/www.facebook.com\/SurfingowyKlubSportowy","article_modified_time":"2024-10-04T10:48:34+00:00","og_image":[{"width":1453,"height":1453,"url":"https:\/\/sks.surf\/sklep\/wp-content\/uploads\/2024\/03\/vest-media-5.png","type":"image\/png"}],"twitter_card":"summary_large_image","schema":{"@context":"https:\/\/schema.org","@graph":[{"@type":"WebPage","@id":"https:\/\/sks.surf\/sklep\/produkt\/kamizelka-prolimit-impact-kite-hp-fz-stretch-mercury\/","url":"https:\/\/sks.surf\/sklep\/produkt\/kamizelka-prolimit-impact-kite-hp-fz-stretch-mercury\/","name":"Kamizelka Prolimit impact kite HP FZ Stretch Mercury","isPartOf":{"@id":"https:\/\/sks.surf\/sklep\/#website"},"primaryImageOfPage":{"@id":"https:\/\/sks.surf\/sklep\/produkt\/kamizelka-prolimit-impact-kite-hp-fz-stretch-mercury\/#primaryimage"},"image":{"@id":"https:\/\/sks.surf\/sklep\/produkt\/kamizelka-prolimit-impact-kite-hp-fz-stretch-mercury\/#primaryimage"},"thumbnailUrl":"https:\/\/sks.surf\/sklep\/wp-content\/uploads\/2024\/03\/vest-media-5.png","datePublished":"2024-03-04T15:18:08+00:00","dateModified":"2024-10-04T10:48:34+00:00","description":"Sklep Online KITE \u2022 WIND \u2022 SURF - dysponujemy szerokim wyborem asortymentu do Kitesurfingu, Windsurfingu i Surfing. Sprawd\u017a r\u00f3wnie\u017c nasze akcesoria. %","breadcrumb":{"@id":"https:\/\/sks.surf\/sklep\/produkt\/kamizelka-prolimit-impact-kite-hp-fz-stretch-mercury\/#breadcrumb"},"inLanguage":"pl-PL","potentialAction":[{"@type":"ReadAction","target":["https:\/\/sks.surf\/sklep\/produkt\/kamizelka-prolimit-impact-kite-hp-fz-stretch-mercury\/"]}]},{"@type":"ImageObject","inLanguage":"pl-PL","@id":"https:\/\/sks.surf\/sklep\/produkt\/kamizelka-prolimit-impact-kite-hp-fz-stretch-mercury\/#primaryimage","url":"https:\/\/sks.surf\/sklep\/wp-content\/uploads\/2024\/03\/vest-media-5.png","contentUrl":"https:\/\/sks.surf\/sklep\/wp-content\/uploads\/2024\/03\/vest-media-5.png","width":1453,"height":1453},{"@type":"BreadcrumbList","@id":"https:\/\/sks.surf\/sklep\/produkt\/kamizelka-prolimit-impact-kite-hp-fz-stretch-mercury\/#breadcrumb","itemListElement":[{"@type":"ListItem","position":1,"name":"Strona g\u0142\u00f3wna","item":"https:\/\/sks.surf\/sklep\/"},{"@type":"ListItem","position":2,"name":"Shop","item":"https:\/\/sks.surf\/sklep\/?page_id=44154"},{"@type":"ListItem","position":3,"name":"Kamizelka Prolimit impact kite HP FZ Stretch Mercury"}]},{"@type":"WebSite","@id":"https:\/\/sks.surf\/sklep\/#website","url":"https:\/\/sks.surf\/sklep\/","name":"SKS","description":"Sklep Online","publisher":{"@id":"https:\/\/sks.surf\/sklep\/#organization"},"potentialAction":[{"@type":"SearchAction","target":{"@type":"EntryPoint","urlTemplate":"https:\/\/sks.surf\/sklep\/?s={search_term_string}"},"query-input":"required name=search_term_string"}],"inLanguage":"pl-PL"},{"@type":"Organization","@id":"https:\/\/sks.surf\/sklep\/#organization","name":"SKS","alternateName":"SKS - Sklep Online","url":"https:\/\/sks.surf\/sklep\/","logo":{"@type":"ImageObject","inLanguage":"pl-PL","@id":"https:\/\/sks.surf\/sklep\/#\/schema\/logo\/image\/","url":"https:\/\/sks.surf\/sklep\/wp-content\/uploads\/2024\/04\/logo-sks-kwadrat.jpeg","contentUrl":"https:\/\/sks.surf\/sklep\/wp-content\/uploads\/2024\/04\/logo-sks-kwadrat.jpeg","width":2000,"height":2000,"caption":"SKS"},"image":{"@id":"https:\/\/sks.surf\/sklep\/#\/schema\/logo\/image\/"},"sameAs":["https:\/\/www.facebook.com\/SurfingowyKlubSportowy"]}]}},"_links":{"self":[{"href":"https:\/\/sks.surf\/sklep\/wp-json\/wp\/v2\/product\/47137"}],"collection":[{"href":"https:\/\/sks.surf\/sklep\/wp-json\/wp\/v2\/product"}],"about":[{"href":"https:\/\/sks.surf\/sklep\/wp-json\/wp\/v2\/types\/product"}],"version-history":[{"count":1,"href":"https:\/\/sks.surf\/sklep\/wp-json\/wp\/v2\/product\/47137\/revisions"}],"predecessor-version":[{"id":47143,"href":"https:\/\/sks.surf\/sklep\/wp-json\/wp\/v2\/product\/47137\/revisions\/47143"}],"wp:featuredmedia":[{"embeddable":true,"href":"https:\/\/sks.surf\/sklep\/wp-json\/wp\/v2\/media\/47138"}],"wp:attachment":[{"href":"https:\/\/sks.surf\/sklep\/wp-json\/wp\/v2\/media?parent=47137"}],"wp:term":[{"taxonomy":"product_cat","embeddable":true,"href":"https:\/\/sks.surf\/sklep\/wp-json\/wp\/v2\/product_cat?post=47137"},{"taxonomy":"product_tag","embeddable":true,"href":"https:\/\/sks.surf\/sklep\/wp-json\/wp\/v2\/product_tag?post=47137"}],"curies":[{"name":"wp","href":"https:\/\/api.w.org\/{rel}","templated":true}]}}