{"id":50054,"date":"2024-08-05T10:39:09","date_gmt":"2024-08-05T10:39:09","guid":{"rendered":"https:\/\/sks.surf\/sklep\/?post_type=product&#038;p=50054"},"modified":"2024-08-06T10:53:16","modified_gmt":"2024-08-06T10:53:16","slug":"deska-wing-foil-jp-australia-x-winger-ipr-2024","status":"publish","type":"product","link":"https:\/\/sks.surf\/sklep\/produkt\/deska-wing-foil-jp-australia-x-winger-ipr-2024\/","title":{"rendered":"Deska wing foil JP-Australia X-Winger IPR 2024"},"content":{"rendered":"<div>X-Winger to najbardziej wszechstronna deska z kolekcji JP Wing, zaprojektowana z my\u015bl\u0105 o riderach na ka\u017cdym poziomie zaawansowania. Nowa wersja na rok 2024 oferuje wyj\u0105tkow\u0105 r\u00f3wnowag\u0119 mi\u0119dzy wydajno\u015bci\u0105 a \u0142atwo\u015bci\u0105 u\u017cytkowania. Kompaktowy kszta\u0142t, subtelny rocker i starannie roz\u0142o\u017cona obj\u0119to\u015b\u0107 sprawiaj\u0105, \u017ce jest to idealna deska do foilowania w ka\u017cdych warunkach, nawet przy s\u0142abym wietrze.<\/div>\n<div><\/div>\n<div>Od\u015bwie\u017cony design X-Wingera zapewnia \u0142atwe i p\u0142ynne starty oraz szybk\u0105 stabilizacj\u0119 po kontakcie z wod\u0105. Nowe detale sprawiaj\u0105, \u017ce deska jest bardziej zwinna i uniwersalna, co przek\u0142ada si\u0119 na p\u0142ynn\u0105 kontrol\u0119 podczas manewr\u00f3w. D\u0142u\u017cszy i w\u0119\u017cszy pok\u0142ad w por\u00f3wnaniu do wcze\u015bniejszych modeli znacz\u0105co poprawia jej osi\u0105gi, czyni\u0105c j\u0105 bardziej precyzyjn\u0105 i efektywn\u0105.<\/div>\n<div><\/div>\n<div>Konstrukcja deski, w tym wyd\u0142u\u017cony kad\u0142ub i delikatnie zakrzywiony dzi\u00f3b, wspiera dynamiczne przyspieszenie i p\u0142ynne wej\u015bcie w lewitacj\u0119. Wyra\u017anie zarysowane podci\u0119cie burty minimalizuje op\u00f3r wody, co umo\u017cliwia \u0142atwe starty. Deska delikatnie odbija si\u0119 od wody podczas l\u0105dowa\u0144, nie trac\u0105c przy tym pr\u0119dko\u015bci, co jest dodatkowo wspierane przez zw\u0119\u017caj\u0105cy si\u0119 dzi\u00f3b, kt\u00f3ry poprawia aerodynamik\u0119 i zmniejsza mas\u0119.<\/div>\n<div><\/div>\n<div>Nowy, lekko wg\u0142\u0119biony pok\u0142ad zapewnia lepsze czucie foila i u\u0142atwia pompowanie, a wi\u0119kszy rocker w tylnej cz\u0119\u015bci deski optymalizuje pozycj\u0119 dziobu, pozwalaj\u0105c na bardziej agresywne pozycje przy je\u017adzie na wiatr. Unikalne cut-out&#8217;y na rufie zmniejszaj\u0105 op\u00f3r wody, u\u0142atwiaj\u0105c starty i l\u0105dowania oraz pozwalaj\u0105 na cia\u015bniejsze i bardziej radykalne skr\u0119ty.<\/div>\n<div><\/div>\n<div>X-Winger 2024 to deska, kt\u00f3ra z pewno\u015bci\u0105 spe\u0142ni oczekiwania ka\u017cdego mi\u0142o\u015bnika wing foilingu, niezale\u017cnie od warunk\u00f3w na wodzie i umiej\u0119tno\u015bci.<\/div>\n","protected":false},"excerpt":{"rendered":"<p>X-Winger to najbardziej wszechstronna deska z kolekcji JP Wing, zaprojektowana z my\u015bl\u0105 o riderach na ka\u017cdym poziomie zaawansowania. Nowa wersja na rok 2024 oferuje wyj\u0105tkow\u0105 r\u00f3wnowag\u0119 mi\u0119dzy wydajno\u015bci\u0105 a \u0142atwo\u015bci\u0105 u\u017cytkowania. Kompaktowy kszta\u0142t, subtelny rocker i starannie roz\u0142o\u017cona obj\u0119to\u015b\u0107 sprawiaj\u0105, \u017ce jest to idealna deska do foilowania w ka\u017cdych warunkach, nawet przy s\u0142abym wietrze. Od\u015bwie\u017cony [&hellip;]<\/p>\n","protected":false},"featured_media":50055,"template":"","meta":[],"product_cat":[231,229],"product_tag":[453,461,747,585,700,462,749,735,736,744,501,748],"yoast_head":"<!-- This site is optimized with the Yoast SEO Premium plugin v22.3 (Yoast SEO v22.6) - https:\/\/yoast.com\/wordpress\/plugins\/seo\/ -->\n<title>Deska wing foil JP-Australia X-Winger IPR 2024<\/title>\n<meta name=\"description\" content=\"Sklep Online KITE \u2022 WIND \u2022 SURF - dysponujemy szerokim wyborem asortymentu do Kitesurfingu, Windsurfingu i Surfing. Sprawd\u017a r\u00f3wnie\u017c nasze akcesoria. %\" \/>\n<meta name=\"robots\" content=\"index, follow, max-snippet:-1, max-image-preview:large, max-video-preview:-1\" \/>\n<link rel=\"canonical\" href=\"https:\/\/sks.surf\/sklep\/produkt\/deska-wing-foil-jp-australia-x-winger-ipr-2024\/\" \/>\n<meta property=\"og:locale\" content=\"pl_PL\" \/>\n<meta property=\"og:type\" content=\"article\" \/>\n<meta property=\"og:title\" content=\"Deska wing foil JP-Australia X-Winger IPR 2024\" \/>\n<meta property=\"og:description\" content=\"Sklep Online KITE \u2022 WIND \u2022 SURF - dysponujemy szerokim wyborem asortymentu do Kitesurfingu, Windsurfingu i Surfing. Sprawd\u017a r\u00f3wnie\u017c nasze akcesoria.\" \/>\n<meta property=\"og:url\" content=\"https:\/\/sks.surf\/sklep\/produkt\/deska-wing-foil-jp-australia-x-winger-ipr-2024\/\" \/>\n<meta property=\"og:site_name\" content=\"SKS\" \/>\n<meta property=\"article:publisher\" content=\"https:\/\/www.facebook.com\/SurfingowyKlubSportowy\" \/>\n<meta property=\"article:modified_time\" content=\"2024-08-06T10:53:16+00:00\" \/>\n<meta property=\"og:image\" content=\"https:\/\/sks.surf\/sklep\/wp-content\/uploads\/2024\/08\/X-WINGER-IPR-MEDIA-1.jpg\" \/>\n\t<meta property=\"og:image:width\" content=\"555\" \/>\n\t<meta property=\"og:image:height\" content=\"555\" \/>\n\t<meta property=\"og:image:type\" content=\"image\/jpeg\" \/>\n<meta name=\"twitter:card\" content=\"summary_large_image\" \/>\n<meta name=\"twitter:label1\" content=\"Szacowany czas czytania\" \/>\n\t<meta name=\"twitter:data1\" content=\"1 minuta\" \/>\n<script type=\"application\/ld+json\" class=\"yoast-schema-graph\">{\"@context\":\"https:\/\/schema.org\",\"@graph\":[{\"@type\":\"WebPage\",\"@id\":\"https:\/\/sks.surf\/sklep\/produkt\/deska-wing-foil-jp-australia-x-winger-ipr-2024\/\",\"url\":\"https:\/\/sks.surf\/sklep\/produkt\/deska-wing-foil-jp-australia-x-winger-ipr-2024\/\",\"name\":\"Deska wing foil JP-Australia X-Winger IPR 2024\",\"isPartOf\":{\"@id\":\"https:\/\/sks.surf\/sklep\/#website\"},\"primaryImageOfPage\":{\"@id\":\"https:\/\/sks.surf\/sklep\/produkt\/deska-wing-foil-jp-australia-x-winger-ipr-2024\/#primaryimage\"},\"image\":{\"@id\":\"https:\/\/sks.surf\/sklep\/produkt\/deska-wing-foil-jp-australia-x-winger-ipr-2024\/#primaryimage\"},\"thumbnailUrl\":\"https:\/\/sks.surf\/sklep\/wp-content\/uploads\/2024\/08\/X-WINGER-IPR-MEDIA-1.jpg\",\"datePublished\":\"2024-08-05T10:39:09+00:00\",\"dateModified\":\"2024-08-06T10:53:16+00:00\",\"description\":\"Sklep Online KITE \u2022 WIND \u2022 SURF - dysponujemy szerokim wyborem asortymentu do Kitesurfingu, Windsurfingu i Surfing. Sprawd\u017a r\u00f3wnie\u017c nasze akcesoria. %\",\"breadcrumb\":{\"@id\":\"https:\/\/sks.surf\/sklep\/produkt\/deska-wing-foil-jp-australia-x-winger-ipr-2024\/#breadcrumb\"},\"inLanguage\":\"pl-PL\",\"potentialAction\":[{\"@type\":\"ReadAction\",\"target\":[\"https:\/\/sks.surf\/sklep\/produkt\/deska-wing-foil-jp-australia-x-winger-ipr-2024\/\"]}]},{\"@type\":\"ImageObject\",\"inLanguage\":\"pl-PL\",\"@id\":\"https:\/\/sks.surf\/sklep\/produkt\/deska-wing-foil-jp-australia-x-winger-ipr-2024\/#primaryimage\",\"url\":\"https:\/\/sks.surf\/sklep\/wp-content\/uploads\/2024\/08\/X-WINGER-IPR-MEDIA-1.jpg\",\"contentUrl\":\"https:\/\/sks.surf\/sklep\/wp-content\/uploads\/2024\/08\/X-WINGER-IPR-MEDIA-1.jpg\",\"width\":555,\"height\":555},{\"@type\":\"BreadcrumbList\",\"@id\":\"https:\/\/sks.surf\/sklep\/produkt\/deska-wing-foil-jp-australia-x-winger-ipr-2024\/#breadcrumb\",\"itemListElement\":[{\"@type\":\"ListItem\",\"position\":1,\"name\":\"Strona g\u0142\u00f3wna\",\"item\":\"https:\/\/sks.surf\/sklep\/\"},{\"@type\":\"ListItem\",\"position\":2,\"name\":\"Shop\",\"item\":\"https:\/\/sks.surf\/sklep\/?page_id=44154\"},{\"@type\":\"ListItem\",\"position\":3,\"name\":\"Deska wing foil JP-Australia X-Winger IPR 2024\"}]},{\"@type\":\"WebSite\",\"@id\":\"https:\/\/sks.surf\/sklep\/#website\",\"url\":\"https:\/\/sks.surf\/sklep\/\",\"name\":\"SKS\",\"description\":\"Sklep Online\",\"publisher\":{\"@id\":\"https:\/\/sks.surf\/sklep\/#organization\"},\"potentialAction\":[{\"@type\":\"SearchAction\",\"target\":{\"@type\":\"EntryPoint\",\"urlTemplate\":\"https:\/\/sks.surf\/sklep\/?s={search_term_string}\"},\"query-input\":\"required name=search_term_string\"}],\"inLanguage\":\"pl-PL\"},{\"@type\":\"Organization\",\"@id\":\"https:\/\/sks.surf\/sklep\/#organization\",\"name\":\"SKS\",\"alternateName\":\"SKS - Sklep Online\",\"url\":\"https:\/\/sks.surf\/sklep\/\",\"logo\":{\"@type\":\"ImageObject\",\"inLanguage\":\"pl-PL\",\"@id\":\"https:\/\/sks.surf\/sklep\/#\/schema\/logo\/image\/\",\"url\":\"https:\/\/sks.surf\/sklep\/wp-content\/uploads\/2024\/04\/logo-sks-kwadrat.jpeg\",\"contentUrl\":\"https:\/\/sks.surf\/sklep\/wp-content\/uploads\/2024\/04\/logo-sks-kwadrat.jpeg\",\"width\":2000,\"height\":2000,\"caption\":\"SKS\"},\"image\":{\"@id\":\"https:\/\/sks.surf\/sklep\/#\/schema\/logo\/image\/\"},\"sameAs\":[\"https:\/\/www.facebook.com\/SurfingowyKlubSportowy\"]}]}<\/script>\n<!-- \/ Yoast SEO Premium plugin. -->","yoast_head_json":{"title":"Deska wing foil JP-Australia X-Winger IPR 2024","description":"Sklep Online KITE \u2022 WIND \u2022 SURF - dysponujemy szerokim wyborem asortymentu do Kitesurfingu, Windsurfingu i Surfing. Sprawd\u017a r\u00f3wnie\u017c nasze akcesoria. %","robots":{"index":"index","follow":"follow","max-snippet":"max-snippet:-1","max-image-preview":"max-image-preview:large","max-video-preview":"max-video-preview:-1"},"canonical":"https:\/\/sks.surf\/sklep\/produkt\/deska-wing-foil-jp-australia-x-winger-ipr-2024\/","og_locale":"pl_PL","og_type":"article","og_title":"Deska wing foil JP-Australia X-Winger IPR 2024","og_description":"Sklep Online KITE \u2022 WIND \u2022 SURF - dysponujemy szerokim wyborem asortymentu do Kitesurfingu, Windsurfingu i Surfing. Sprawd\u017a r\u00f3wnie\u017c nasze akcesoria.","og_url":"https:\/\/sks.surf\/sklep\/produkt\/deska-wing-foil-jp-australia-x-winger-ipr-2024\/","og_site_name":"SKS","article_publisher":"https:\/\/www.facebook.com\/SurfingowyKlubSportowy","article_modified_time":"2024-08-06T10:53:16+00:00","og_image":[{"width":555,"height":555,"url":"https:\/\/sks.surf\/sklep\/wp-content\/uploads\/2024\/08\/X-WINGER-IPR-MEDIA-1.jpg","type":"image\/jpeg"}],"twitter_card":"summary_large_image","twitter_misc":{"Szacowany czas czytania":"1 minuta"},"schema":{"@context":"https:\/\/schema.org","@graph":[{"@type":"WebPage","@id":"https:\/\/sks.surf\/sklep\/produkt\/deska-wing-foil-jp-australia-x-winger-ipr-2024\/","url":"https:\/\/sks.surf\/sklep\/produkt\/deska-wing-foil-jp-australia-x-winger-ipr-2024\/","name":"Deska wing foil JP-Australia X-Winger IPR 2024","isPartOf":{"@id":"https:\/\/sks.surf\/sklep\/#website"},"primaryImageOfPage":{"@id":"https:\/\/sks.surf\/sklep\/produkt\/deska-wing-foil-jp-australia-x-winger-ipr-2024\/#primaryimage"},"image":{"@id":"https:\/\/sks.surf\/sklep\/produkt\/deska-wing-foil-jp-australia-x-winger-ipr-2024\/#primaryimage"},"thumbnailUrl":"https:\/\/sks.surf\/sklep\/wp-content\/uploads\/2024\/08\/X-WINGER-IPR-MEDIA-1.jpg","datePublished":"2024-08-05T10:39:09+00:00","dateModified":"2024-08-06T10:53:16+00:00","description":"Sklep Online KITE \u2022 WIND \u2022 SURF - dysponujemy szerokim wyborem asortymentu do Kitesurfingu, Windsurfingu i Surfing. Sprawd\u017a r\u00f3wnie\u017c nasze akcesoria. %","breadcrumb":{"@id":"https:\/\/sks.surf\/sklep\/produkt\/deska-wing-foil-jp-australia-x-winger-ipr-2024\/#breadcrumb"},"inLanguage":"pl-PL","potentialAction":[{"@type":"ReadAction","target":["https:\/\/sks.surf\/sklep\/produkt\/deska-wing-foil-jp-australia-x-winger-ipr-2024\/"]}]},{"@type":"ImageObject","inLanguage":"pl-PL","@id":"https:\/\/sks.surf\/sklep\/produkt\/deska-wing-foil-jp-australia-x-winger-ipr-2024\/#primaryimage","url":"https:\/\/sks.surf\/sklep\/wp-content\/uploads\/2024\/08\/X-WINGER-IPR-MEDIA-1.jpg","contentUrl":"https:\/\/sks.surf\/sklep\/wp-content\/uploads\/2024\/08\/X-WINGER-IPR-MEDIA-1.jpg","width":555,"height":555},{"@type":"BreadcrumbList","@id":"https:\/\/sks.surf\/sklep\/produkt\/deska-wing-foil-jp-australia-x-winger-ipr-2024\/#breadcrumb","itemListElement":[{"@type":"ListItem","position":1,"name":"Strona g\u0142\u00f3wna","item":"https:\/\/sks.surf\/sklep\/"},{"@type":"ListItem","position":2,"name":"Shop","item":"https:\/\/sks.surf\/sklep\/?page_id=44154"},{"@type":"ListItem","position":3,"name":"Deska wing foil JP-Australia X-Winger IPR 2024"}]},{"@type":"WebSite","@id":"https:\/\/sks.surf\/sklep\/#website","url":"https:\/\/sks.surf\/sklep\/","name":"SKS","description":"Sklep Online","publisher":{"@id":"https:\/\/sks.surf\/sklep\/#organization"},"potentialAction":[{"@type":"SearchAction","target":{"@type":"EntryPoint","urlTemplate":"https:\/\/sks.surf\/sklep\/?s={search_term_string}"},"query-input":"required name=search_term_string"}],"inLanguage":"pl-PL"},{"@type":"Organization","@id":"https:\/\/sks.surf\/sklep\/#organization","name":"SKS","alternateName":"SKS - Sklep Online","url":"https:\/\/sks.surf\/sklep\/","logo":{"@type":"ImageObject","inLanguage":"pl-PL","@id":"https:\/\/sks.surf\/sklep\/#\/schema\/logo\/image\/","url":"https:\/\/sks.surf\/sklep\/wp-content\/uploads\/2024\/04\/logo-sks-kwadrat.jpeg","contentUrl":"https:\/\/sks.surf\/sklep\/wp-content\/uploads\/2024\/04\/logo-sks-kwadrat.jpeg","width":2000,"height":2000,"caption":"SKS"},"image":{"@id":"https:\/\/sks.surf\/sklep\/#\/schema\/logo\/image\/"},"sameAs":["https:\/\/www.facebook.com\/SurfingowyKlubSportowy"]}]}},"_links":{"self":[{"href":"https:\/\/sks.surf\/sklep\/wp-json\/wp\/v2\/product\/50054"}],"collection":[{"href":"https:\/\/sks.surf\/sklep\/wp-json\/wp\/v2\/product"}],"about":[{"href":"https:\/\/sks.surf\/sklep\/wp-json\/wp\/v2\/types\/product"}],"version-history":[{"count":1,"href":"https:\/\/sks.surf\/sklep\/wp-json\/wp\/v2\/product\/50054\/revisions"}],"predecessor-version":[{"id":50065,"href":"https:\/\/sks.surf\/sklep\/wp-json\/wp\/v2\/product\/50054\/revisions\/50065"}],"wp:featuredmedia":[{"embeddable":true,"href":"https:\/\/sks.surf\/sklep\/wp-json\/wp\/v2\/media\/50055"}],"wp:attachment":[{"href":"https:\/\/sks.surf\/sklep\/wp-json\/wp\/v2\/media?parent=50054"}],"wp:term":[{"taxonomy":"product_cat","embeddable":true,"href":"https:\/\/sks.surf\/sklep\/wp-json\/wp\/v2\/product_cat?post=50054"},{"taxonomy":"product_tag","embeddable":true,"href":"https:\/\/sks.surf\/sklep\/wp-json\/wp\/v2\/product_tag?post=50054"}],"curies":[{"name":"wp","href":"https:\/\/api.w.org\/{rel}","templated":true}]}}